{"id":2880,"date":"2025-06-24T16:33:35","date_gmt":"2025-06-24T19:33:35","guid":{"rendered":"https:\/\/racontto.ar\/wordpress\/?post_type=product&#038;p=2880"},"modified":"2026-04-21T12:33:01","modified_gmt":"2026-04-21T15:33:01","slug":"camisa-reptil","status":"publish","type":"product","link":"https:\/\/racontto.ar\/index.php\/producto\/camisa-reptil\/","title":{"rendered":"Camisa Reptil"},"content":{"rendered":"<p>Camisa estampa serpiente combinada.<br \/>\nConfeccionada en crep\u00e9, un tejido liviano y fluido que aporta movimiento y estilo a la prenda, su dise\u00f1o evoca la nostalgia del utilitario cl\u00e1sico con un toque actual.\u00a0<em>Adem\u00e1s podes lucirla en combinado con el pantal\u00f3n.<\/em><br \/>\nCuello cl\u00e1sico, bolsillos frontales con tapa, bajo redondeado y cartera central de botones.<\/p>\n<p>&nbsp;<\/p>\n<p>Esta camisa puede armar conjunto con el &#8221;Pantal\u00f3n reptil&#8221;.<\/p>\n","protected":false},"excerpt":{"rendered":"<p><span style=\"color: #ff0000\"><strong>3 cuotas sin inter\u00e9s con visa y MasterCard bancarizadas<\/strong><\/span><\/p>\n<p><span style=\"color: #ff0000\"><strong>20% off con transferencia bancaria $63.920<\/strong><\/span><\/p>\n","protected":false},"featured_media":3613,"comment_status":"open","ping_status":"closed","template":"","meta":[],"product_brand":[79],"product_cat":[44,169],"product_tag":[91,99,36,40,92],"class_list":{"0":"post-2880","1":"product","2":"type-product","3":"status-publish","4":"has-post-thumbnail","6":"product_brand-ver","7":"product_cat-camisas-blusa","8":"product_cat-otono-invierno","9":"product_tag-invierno","10":"product_tag-jeans","11":"product_tag-look","12":"product_tag-outdoor","13":"product_tag-temporada","15":"first","16":"instock","17":"purchasable","18":"product-type-variable"},"_links":{"self":[{"href":"https:\/\/racontto.ar\/index.php\/wp-json\/wp\/v2\/product\/2880","targetHints":{"allow":["GET"]}}],"collection":[{"href":"https:\/\/racontto.ar\/index.php\/wp-json\/wp\/v2\/product"}],"about":[{"href":"https:\/\/racontto.ar\/index.php\/wp-json\/wp\/v2\/types\/product"}],"replies":[{"embeddable":true,"href":"https:\/\/racontto.ar\/index.php\/wp-json\/wp\/v2\/comments?post=2880"}],"wp:featuredmedia":[{"embeddable":true,"href":"https:\/\/racontto.ar\/index.php\/wp-json\/wp\/v2\/media\/3613"}],"wp:attachment":[{"href":"https:\/\/racontto.ar\/index.php\/wp-json\/wp\/v2\/media?parent=2880"}],"wp:term":[{"taxonomy":"product_brand","embeddable":true,"href":"https:\/\/racontto.ar\/index.php\/wp-json\/wp\/v2\/product_brand?post=2880"},{"taxonomy":"product_cat","embeddable":true,"href":"https:\/\/racontto.ar\/index.php\/wp-json\/wp\/v2\/product_cat?post=2880"},{"taxonomy":"product_tag","embeddable":true,"href":"https:\/\/racontto.ar\/index.php\/wp-json\/wp\/v2\/product_tag?post=2880"}],"curies":[{"name":"wp","href":"https:\/\/api.w.org\/{rel}","templated":true}]}}