{"id":2939,"date":"2025-06-25T09:02:01","date_gmt":"2025-06-25T12:02:01","guid":{"rendered":"https:\/\/racontto.ar\/wordpress\/?post_type=product&#038;p=2939"},"modified":"2026-03-17T17:55:03","modified_gmt":"2026-03-17T20:55:03","slug":"pantalon-reptil","status":"publish","type":"product","link":"https:\/\/racontto.ar\/index.php\/producto\/pantalon-reptil\/","title":{"rendered":"Pantal\u00f3n Reptil"},"content":{"rendered":"<p>Pantal\u00f3n con cintura elastizada y dise\u00f1o Animal Print.<\/p>\n<p>&nbsp;<\/p>\n<p>Este pantal\u00f3n puede armar conjunto con la &#8221;Camisa reptil&#8221; o &#8221;Blusa reptil&#8221;.<\/p>\n","protected":false},"excerpt":{"rendered":"<p><strong><span style=\"color: #ff0000\">3 cuotas sin inter\u00e9s con visa y MasterCard bancarizadas.<\/span><\/strong><\/p>\n<p><span style=\"color: #ff0000\"><strong>20% off con transferencia bancaria $63.920<\/strong><\/span><\/p>\n","protected":false},"featured_media":3660,"comment_status":"open","ping_status":"closed","template":"","meta":[],"product_brand":[79],"product_cat":[73],"product_tag":[91,36,104,92,105],"class_list":{"0":"post-2939","1":"product","2":"type-product","3":"status-publish","4":"has-post-thumbnail","6":"product_brand-ver","7":"product_cat-pantalones","8":"product_tag-invierno","9":"product_tag-look","10":"product_tag-pantalon","11":"product_tag-temporada","12":"product_tag-vestir","14":"first","15":"instock","16":"purchasable","17":"product-type-variable"},"_links":{"self":[{"href":"https:\/\/racontto.ar\/index.php\/wp-json\/wp\/v2\/product\/2939","targetHints":{"allow":["GET"]}}],"collection":[{"href":"https:\/\/racontto.ar\/index.php\/wp-json\/wp\/v2\/product"}],"about":[{"href":"https:\/\/racontto.ar\/index.php\/wp-json\/wp\/v2\/types\/product"}],"replies":[{"embeddable":true,"href":"https:\/\/racontto.ar\/index.php\/wp-json\/wp\/v2\/comments?post=2939"}],"wp:featuredmedia":[{"embeddable":true,"href":"https:\/\/racontto.ar\/index.php\/wp-json\/wp\/v2\/media\/3660"}],"wp:attachment":[{"href":"https:\/\/racontto.ar\/index.php\/wp-json\/wp\/v2\/media?parent=2939"}],"wp:term":[{"taxonomy":"product_brand","embeddable":true,"href":"https:\/\/racontto.ar\/index.php\/wp-json\/wp\/v2\/product_brand?post=2939"},{"taxonomy":"product_cat","embeddable":true,"href":"https:\/\/racontto.ar\/index.php\/wp-json\/wp\/v2\/product_cat?post=2939"},{"taxonomy":"product_tag","embeddable":true,"href":"https:\/\/racontto.ar\/index.php\/wp-json\/wp\/v2\/product_tag?post=2939"}],"curies":[{"name":"wp","href":"https:\/\/api.w.org\/{rel}","templated":true}]}}