{"id":4004,"date":"2025-07-28T20:05:27","date_gmt":"2025-07-28T23:05:27","guid":{"rendered":"https:\/\/racontto.ar\/?post_type=product&#038;p=4004"},"modified":"2026-04-21T12:36:52","modified_gmt":"2026-04-21T15:36:52","slug":"chaleco-reversible","status":"publish","type":"product","link":"https:\/\/racontto.ar\/index.php\/producto\/chaleco-reversible\/","title":{"rendered":"Chaleco reversible"},"content":{"rendered":"<p>Chaleco puffer reversible. Confeccionado en nylon, dise\u00f1o canel\u00f3n ancho, una opci\u00f3n super c\u00f3moda para sumar abrigo. Cierre met\u00e1lico, bolsillos laterales en ambas caras, cuello alto y tancas en el ruedo para conservar el calor.<br \/>\nCalce recto y largo a la cadera.<\/p>\n","protected":false},"excerpt":{"rendered":"<p><span style=\"color: #ff0000\"><strong>3 o 6 cuotas sin inter\u00e9s con visa y MasterCard bancarizadas\u00a0\u00a0<\/strong><\/span><\/p>\n<p><span style=\"color: #ff0000\"><strong>20% off con transferencia bancaria $119.920<\/strong><\/span><\/p>\n","protected":false},"featured_media":4027,"comment_status":"open","ping_status":"closed","template":"","meta":[],"product_brand":[79],"product_cat":[46,139,169],"product_tag":[140,148,91,149],"class_list":{"0":"post-4004","1":"product","2":"type-product","3":"status-publish","4":"has-post-thumbnail","6":"product_brand-ver","7":"product_cat-abrigos","8":"product_cat-chalecos","9":"product_cat-otono-invierno","10":"product_tag-abrigo","11":"product_tag-chaleco","12":"product_tag-invierno","13":"product_tag-reversible","15":"first","16":"instock","17":"taxable","18":"shipping-taxable","19":"purchasable","20":"product-type-variable"},"_links":{"self":[{"href":"https:\/\/racontto.ar\/index.php\/wp-json\/wp\/v2\/product\/4004","targetHints":{"allow":["GET"]}}],"collection":[{"href":"https:\/\/racontto.ar\/index.php\/wp-json\/wp\/v2\/product"}],"about":[{"href":"https:\/\/racontto.ar\/index.php\/wp-json\/wp\/v2\/types\/product"}],"replies":[{"embeddable":true,"href":"https:\/\/racontto.ar\/index.php\/wp-json\/wp\/v2\/comments?post=4004"}],"wp:featuredmedia":[{"embeddable":true,"href":"https:\/\/racontto.ar\/index.php\/wp-json\/wp\/v2\/media\/4027"}],"wp:attachment":[{"href":"https:\/\/racontto.ar\/index.php\/wp-json\/wp\/v2\/media?parent=4004"}],"wp:term":[{"taxonomy":"product_brand","embeddable":true,"href":"https:\/\/racontto.ar\/index.php\/wp-json\/wp\/v2\/product_brand?post=4004"},{"taxonomy":"product_cat","embeddable":true,"href":"https:\/\/racontto.ar\/index.php\/wp-json\/wp\/v2\/product_cat?post=4004"},{"taxonomy":"product_tag","embeddable":true,"href":"https:\/\/racontto.ar\/index.php\/wp-json\/wp\/v2\/product_tag?post=4004"}],"curies":[{"name":"wp","href":"https:\/\/api.w.org\/{rel}","templated":true}]}}

<p>Chaleco puffer reversible. Confeccionado en nylon, diseño canelón ancho, una opción super cómoda para sumar abrigo. Cierre metálico, bolsillos laterales en ambas caras, cuello alto y tancas en el ruedo para conservar el calor.<br />
Calce recto y largo a la cadera.</p>

<p><span style="color: #ff0000"><strong>3 o 6 cuotas sin interés con visa y MasterCard bancarizadas  </strong></span></p>
<p><span style="color: #ff0000"><strong>20% off con transferencia bancaria $119.920</strong></span></p>
